{"id":1541,"date":"2025-12-18T16:43:05","date_gmt":"2025-12-18T15:43:05","guid":{"rendered":"https:\/\/elethic.fr\/?page_id=1541"},"modified":"2026-02-17T15:39:29","modified_gmt":"2026-02-17T14:39:29","slug":"news","status":"publish","type":"page","link":"https:\/\/elethic.fr\/fr\/news\/","title":{"rendered":"News"},"content":{"rendered":"\n<h3 class=\"wp-block-heading\">Minalogic Business Meeting<\/h3>\n\n\n\n<p>Le 17 mars 2026<\/p>\n\n\n\n<div class=\"wp-block-media-text has-media-on-the-right is-stacked-on-mobile is-vertically-aligned-top\" style=\"grid-template-columns:auto 31%\"><div class=\"wp-block-media-text__content\">\n<p>Nous aurons le plaisir de vous accueillir sur notre stand \u00e0 l&rsquo;occasion de ces rencontres plac\u00e9es sous le signe de la haute technologie.<br>Depuis 2014, les Minalogic Business Meetings ont pour vocation de mettre en relation les acteurs de l\u2019innovation num\u00e9rique, afin de d\u00e9cupler les possibilit\u00e9s de collaboration commerciale et technologique.<\/p>\n\n\n\n<p>C\u2019est l\u2019ampleur du r\u00e9seau national et international de Minalogic, p\u00f4le de comp\u00e9titivit\u00e9 des technologies du num\u00e9rique depuis 2005, qui fait la force de l\u2019\u00e9v\u00e9nement.<\/p>\n<\/div><figure class=\"wp-block-media-text__media\"><img alt=\"\" loading=\"lazy\" decoding=\"async\" width=\"643\" height=\"393\" src=\"https:\/\/elethic.fr\/wp-content\/uploads\/2026\/02\/logo-MBM26.png\" alt=\"\" class=\"wp-image-1562 size-medium\" srcset=\"https:\/\/elethic.fr\/wp-content\/uploads\/2026\/02\/logo-MBM26.png 643w, https:\/\/elethic.fr\/wp-content\/uploads\/2026\/02\/logo-MBM26-300x183.png 300w, https:\/\/elethic.fr\/wp-content\/uploads\/2026\/02\/logo-MBM26-98x60.png 98w, https:\/\/elethic.fr\/wp-content\/uploads\/2026\/02\/logo-MBM26-65x40.png 65w, https:\/\/elethic.fr\/wp-content\/uploads\/2026\/02\/logo-MBM26-190x116.png 190w, https:\/\/elethic.fr\/wp-content\/uploads\/2026\/02\/logo-MBM26-180x110.png 180w, https:\/\/elethic.fr\/wp-content\/uploads\/2026\/02\/logo-MBM26-25x15.png 25w, https:\/\/elethic.fr\/wp-content\/uploads\/2026\/02\/logo-MBM26-541x331.png 541w\" sizes=\"auto, (max-width: 643px) 100vw, 643px\" \/><\/figure><\/div>\n\n\n\n<div class=\"wp-block-group is-nowrap is-layout-flex wp-container-core-group-is-layout-64989fb1 wp-block-group-is-layout-flex\">\n<p><br><\/p>\n<\/div>\n\n\n\n<div class=\"wp-block-buttons is-layout-flex wp-block-buttons-is-layout-flex\">\n<div class=\"wp-block-button\"><a class=\"wp-block-button__link wp-element-button\" href=\"https:\/\/minalogicbusinessmeetings.vimeet.events\/fr\/question\/920\" target=\"_blank\" rel=\"noreferrer noopener\">Participez<\/a><\/div>\n<\/div>\n\n\n\n<p><\/p>\n","protected":false},"excerpt":{"rendered":"<p>Minalogic Business Meeting Le 17 mars 2026 Nous aurons le plaisir de vous accueillir sur notre stand \u00e0 l&rsquo;occasion de ces rencontres plac\u00e9es sous le signe de la haute technologie.Depuis 2014, les Minalogic Business Meetings ont pour vocation de mettre en relation les acteurs de l\u2019innovation num\u00e9rique, afin de d\u00e9cupler les possibilit\u00e9s de collaboration commerciale [&hellip;]<\/p>\n","protected":false},"author":3,"featured_media":0,"parent":0,"menu_order":0,"comment_status":"closed","ping_status":"closed","template":"","meta":{"_acf_changed":false,"_seopress_robots_primary_cat":"","_seopress_titles_title":"News","_seopress_titles_desc":"Consultez les derni\u00e8res infos, nouveux produits \u00e9lectroniques, cartes, r\u00e9allisations de circuits imprim\u00e9s","_seopress_robots_index":"","footnotes":""},"class_list":["post-1541","page","type-page","status-publish","hentry"],"acf":[],"_links":{"self":[{"href":"https:\/\/elethic.fr\/fr\/wp-json\/wp\/v2\/pages\/1541","targetHints":{"allow":["GET"]}}],"collection":[{"href":"https:\/\/elethic.fr\/fr\/wp-json\/wp\/v2\/pages"}],"about":[{"href":"https:\/\/elethic.fr\/fr\/wp-json\/wp\/v2\/types\/page"}],"author":[{"embeddable":true,"href":"https:\/\/elethic.fr\/fr\/wp-json\/wp\/v2\/users\/3"}],"replies":[{"embeddable":true,"href":"https:\/\/elethic.fr\/fr\/wp-json\/wp\/v2\/comments?post=1541"}],"version-history":[{"count":13,"href":"https:\/\/elethic.fr\/fr\/wp-json\/wp\/v2\/pages\/1541\/revisions"}],"predecessor-version":[{"id":1571,"href":"https:\/\/elethic.fr\/fr\/wp-json\/wp\/v2\/pages\/1541\/revisions\/1571"}],"wp:attachment":[{"href":"https:\/\/elethic.fr\/fr\/wp-json\/wp\/v2\/media?parent=1541"}],"curies":[{"name":"wp","href":"https:\/\/api.w.org\/{rel}","templated":true}]}}

<h3 class="wp-block-heading">Minalogic Business Meeting</h3>



<p>Le 17 mars 2026</p>



<div class="wp-block-media-text has-media-on-the-right is-stacked-on-mobile is-vertically-aligned-top" style="grid-template-columns:auto 31%"><div class="wp-block-media-text__content">
<p>Nous aurons le plaisir de vous accueillir sur notre stand à l&rsquo;occasion de ces rencontres placées sous le signe de la haute technologie.<br>Depuis 2014, les Minalogic Business Meetings ont pour vocation de mettre en relation les acteurs de l’innovation numérique, afin de décupler les possibilités de collaboration commerciale et technologique.</p>



<p>C’est l’ampleur du réseau national et international de Minalogic, pôle de compétitivité des technologies du numérique depuis 2005, qui fait la force de l’événement.</p>
</div><figure class="wp-block-media-text__media"><img alt="" loading="lazy" decoding="async" width="643" height="393" src="https://elethic.fr/wp-content/uploads/2026/02/logo-MBM26.png" alt="" class="wp-image-1562 size-medium" srcset="https://elethic.fr/wp-content/uploads/2026/02/logo-MBM26.png 643w, https://elethic.fr/wp-content/uploads/2026/02/logo-MBM26-300x183.png 300w, https://elethic.fr/wp-content/uploads/2026/02/logo-MBM26-98x60.png 98w, https://elethic.fr/wp-content/uploads/2026/02/logo-MBM26-65x40.png 65w, https://elethic.fr/wp-content/uploads/2026/02/logo-MBM26-190x116.png 190w, https://elethic.fr/wp-content/uploads/2026/02/logo-MBM26-180x110.png 180w, https://elethic.fr/wp-content/uploads/2026/02/logo-MBM26-25x15.png 25w, https://elethic.fr/wp-content/uploads/2026/02/logo-MBM26-541x331.png 541w" sizes="auto, (max-width: 643px) 100vw, 643px" /></figure></div>



<div class="wp-block-group is-nowrap is-layout-flex wp-container-core-group-is-layout-64989fb1 wp-block-group-is-layout-flex">
<p><br></p>
</div>



<div class="wp-block-buttons is-layout-flex wp-block-buttons-is-layout-flex">
<div class="wp-block-button"><a class="wp-block-button__link wp-element-button" href="https://minalogicbusinessmeetings.vimeet.events/fr/question/920" target="_blank" rel="noreferrer noopener">Participez</a></div>
</div>



<p></p>

<p>Minalogic Business Meeting Le 17 mars 2026 Nous aurons le plaisir de vous accueillir sur notre stand à l&rsquo;occasion de ces rencontres placées sous le signe de la haute technologie.Depuis 2014, les Minalogic Business Meetings ont pour vocation de mettre en relation les acteurs de l’innovation numérique, afin de décupler les possibilités de collaboration commerciale [&hellip;]</p>

Consultez les dernières infos, nouveux produits électroniques, cartes, réallisations de circuits imprimés
